 y(c) = -c**2 + 7*c - 5. Let a be y(6). Suppose -2*q + 0*q = -v - 17, -v + a = 0. What is the units digit of q?
9
Let f = 27 + 8. What is the units digit of f?
5
Let z(w) = w**3 - w**2 - 4*w - 6. Let i be z(5). Let x = i - 47. What is the tens digit of x?
2
Let w(p) be the second derivative of p**4/12 - p**3/6 + 4*p**2 - p. Suppose 0 = 6*d - d. What is the units digit of w(d)?
8
Let c(h) = 3*h + 1. Let u be c(1). Suppose n = 3*y - 3, y + 55 = n + u*n. What is the units digit of n?
2
Let t be 2 + 1/1 - 68. Let q = t - -103. What is the tens digit of q?
3
Suppose 7*m + 58 = 9*m. What is the tens digit of m?
2
Let h = -84 + 132. What is the units digit of h?
8
Suppose 0 = 4*u + 5*b - 130, u + b - 103 = -2*u. What is the units digit of (0 + 15)*14/u?
6
Let l(b) = -b - 11. Let u be l(-11). Suppose 3*x + 3*i - 54 = 0, u = 3*i + 3 - 15. What is the tens digit of x?
1
Suppose -10 = 2*d - 7*d. Suppose 4*m - 153 = -q, 0 = -5*m - 0*q - d*q + 189. What is the tens digit of m?
3
Let l = -20 - -126. What is the hundreds digit of l?
1
Suppose -h = -3*h - 18. Let w = h - -26. What is the units digit of w?
7
Suppose 0 = -0*z + 3*z + 36. Let j be (-27)/z - 2/8. Suppose -j*k - d + 2*d + 26 = 0, d = 2. What is the units digit of k?
4
Let d(n) = n**3 + 4*n**2 + n - 4. Let r be d(-3). Suppose -6*x + 9 = -15. Suppose -r*t = -x*t + 14. What is the units digit of t?
7
Suppose 3*n + 3 = -3. Let u = 10 + n. What is the units digit of u?
8
Suppose 66 = 2*i - 42. Let n(a) = 4*a**3 + 2*a**2 - 4. Let j be n(2). Let h = i - j. What is the tens digit of h?
1
Let d = -3 + 14. Suppose 4*z + d = u - 9, -4*u - 3*z = -4. Suppose q = -3*q + 5*p + 83, -u*q = -2*p - 86. What is the units digit of q?
2
Let o be (-5)/(-10) + 1/(-2). Suppose w - 12 = -2*w, o = -4*b - 3*w + 24. What is the units digit of b?
3
Let b = -4 - -1. What is the units digit of (-7)/((b/(-6))/(-1))?
4
Suppose 3*w - 18 + 0 = 0. Let b(k) = k. What is the units digit of b(w)?
6
Suppose 6*w = 5*w + 3. What is the units digit of w?
3
Let g(i) be the second derivative of -11*i**3/6 + i**2/2 + 2*i. What is the tens digit of g(-1)?
1
Let x be ((-5)/(-3))/(1/3). Suppose -x*s = 3*b - 70, 0*s - 2*s - b + 28 = 0. What is the tens digit of s?
1
Suppose -5*h = -9*h + 4*a + 768, 1010 = 5*h + 5*a. What is the units digit of h?
7
Let w(k) = k**2 - k + 98. What is the units digit of w(0)?
8
Suppose -j - 35 = -6*j - 2*t, 0 = 2*j + 2*t - 20. Suppose -d - 3*d + l = -32, -j*l = -2*d - 2. What is the units digit of d?
9
Let q(i) = -i**3 - 8*i**2 + 9*i + 2. Let h be q(-9). Suppose 4*y + 0*m = -4*m, -h*m - 5 = y. What is the units digit of y?
5
Suppose 3*i = x - 38, -245 = -2*x - 3*x + 4*i. What is the tens digit of x?
5
Suppose -s + 4 = -0*s. Suppose x + 32 = 5*x - s*q, 5*x = 4*q + 43. What is the units digit of x?
1
Suppose 0 = 2*x + 2*j - 24, x + j = 4*j. Let a be 2/x + 20/(-9). Let t(s) = -2*s - 3. What is the units digit of t(a)?
1
Suppose -28 = -i + 72. Suppose 6*x - i = x. Suppose 0 = -2*t - 4 + x. What is the units digit of t?
8
Suppose -276 = 8*a - 12*a. What is the units digit of a?
9
Suppose 3*n + 4 - 1 = 0. Let j = n + 2. Suppose -4*k = 2*y - 2 - 12, 0 = y + j. What is the units digit of k?
4
Let f(g) = -g - 7. Let k be f(-3). Let l = -3 - k. What is the units digit of l?
1
Suppose -10 + 25 = 3*t. Let n(i) = i**2 - 5*i + 6. What is the units digit of n(t)?
6
Let x = -21 + 32. Suppose x = h + 2. What is the units digit of h?
9
Suppose 2*c - 6 = -0. Suppose c*h = -2*h + 120. What is the units digit of h?
4
Suppose 3*g + 20 = 4*o, o + 12 = 4*g + 4. What is the tens digit of -3 - (3 - o*3)?
1
Suppose -24 = f - 5*f + 4*y, -2*y - 4 = -f. Suppose c = 4*k - f, 4*k = -3*c + 30 - 6. Suppose c*j - 44 = 32. What is the tens digit of j?
1
Suppose 27 = 14*u - 659. What is the units digit of u?
9
Let p = -8 - -11. Suppose -4*f + p = -1. What is the units digit of 1*(f + 0 + 8)?
9
Suppose -3 = 4*t - 7*t. What is the units digit of t?
1
What is the units digit of 2 - -9 - (1 - 1)?
1
Let y = 11 - 7. Let h(k) = 7*k. Let a be h(y). Suppose -2*j = 2*j - a. What is the units digit of j?
7
Let m be 3/9*0 + 4. What is the units digit of -14*-2*1/m?
7
Suppose 2*g + 4*b - 16 = 0, 0*g - 3*g - 4 = -b. Suppose 0 = -2*q - g*q + 16. What is the units digit of q?
8
Let s(g) = g. Let m be s(8). Let w = 4 - m. What is the units digit of (-6 - w)*(-2 + -1)?
6
Let q(y) = y**3 - 5*y**2 - 4*y - 4. Suppose -5*s - 65 + 20 = 0. Let z = s - -15. What is the units digit of q(z)?
8
Suppose 5*n - 43 = -13. Let x(q) = -q + 1. Let j be x(n). Let l(o) = -o + 5. What is the units digit of l(j)?
0
Let t(z) = z**2 - 5*z + 6. Let v be t(4). Let s = v + 6. What is the units digit of s?
8
Let f(n) = n**3 - n**2 - 2*n + 2. Let a(t) = -t**3 - t**2 + t + 2. Let i be a(0). Let h be f(i). Suppose 0 = h*j - 15 + 1. What is the units digit of j?
7
Let u(y) = y**3 + 8*y**2 - y - 3. Let j be u(-8). Let c = 3 + j. What is the units digit of c?
8
Let h(i) = 2*i**2 + 5*i - 2. What is the units digit of h(-4)?
0
Let d = -6 - -18. What is the units digit of -2*1*(-78)/d?
3
Suppose 12 = -8*n + 4*n. What is the tens digit of (-182)/(-21)*n/(-2)?
1
Suppose 3*z = 3*t + 18, 3*z + 5*t = -1 + 11. Let u = 8 - z. Suppose 0 = 5*j - u*j - 22. What is the units digit of j?
1
Let k(x) = -2*x**3 + 3*x + 3. Let q be k(-3). What is the units digit of q*(-6)/(-9) - -3?
5
Let a be (-1)/((-7)/3 - -2). Suppose -l - 7 = 3*w, -4*l - 2*w + 17 = l. Suppose 3*y - p - 42 = -l, a*p - 15 = 0. What is the tens digit of y?
1
Suppose -5*q - 10 + 0 = 0. What is the units digit of q/(-8) + (-140)/(-16)?
9
What is the units digit of (93 - -32) + (0 + 1)*1?
6
Let u(h) = -h + 11. Let c be (-65)/9 - (-16)/72. What is the units digit of u(c)?
8
Suppose 87 = -2*m - o, -4*m = -0*m - 2*o + 170. Let a = -25 - m. What is the tens digit of a?
1
Let w = 5 - 2. Suppose 0 = -w*i - 3 + 78. What is the units digit of i?
5
Suppose 1392 = 7*i - i. Suppose -10*o = -14*o + i. What is the tens digit of o?
5
Let i be 4/(-6) + 68/12. Suppose i*u + 3*q = -2*q + 60, -q = -u + 4. What is the units digit of u?
8
Let s(u) = -8*u + 36. What is the hundreds digit of s(-17)?
1
Let r be (-2)/(-9) + 28/36. Let h be 41 - (1 + 0/r). Let t = h - 27. What is the tens digit of t?
1
Suppose -z - t = -57, -5*z + 78 = -4*t - 198. What is the tens digit of z?
5
Suppose 3*q = 10 - 1. Let i(n) = 5*n**2 + 3*n. Let u be i(3). Suppose 0 = -3*z + q*a + 45, 0 = 5*z - 0*a + 2*a - u. What is the units digit of z?
2
Suppose -2*k + 15 = 3*k. Suppose k*r - 26 - 1 = 0. Let u = r + -3. What is the units digit of u?
6
Let o be (9 - 2)*(-2 - -1). Let d be -2*(7 - 4) - -2. Let y = d - o. What is the units digit of y?
3
Suppose 0 = 5*m + 5 + 10. Let c be (1 + (-5)/3)*m. What is the units digit of c/5 + (-48)/(-5)?
0
What is the hundreds digit of ((-422)/(-3))/(98/21 + -4)?
2
What is the tens digit of 21 - (-3 - 9/(-3))?
2
Let m(u) = -u**2 - 15*u + 11. What is the tens digit of m(-14)?
2
Let q(a) = 2*a**2 + 2*a - 3. Let n be q(2). What is the units digit of n/27*(1 - -20)?
7
Let o = -7 + 13. Let f = 46 + -31. Suppose f = p + 4*v, -2*p - o = -6*v + 2*v. What is the units digit of p?
3
Suppose 2*u + 40 = 7*u. What is the units digit of u?
8
Let z be 7 - (-8)/(-4 - -2). Suppose 0 = 5*g + 4*y - 138, z*g - 3*y - 33 = 39. What is the units digit of g?
6
Let j be 2 + (-2 - (2 - 5)). What is the tens digit of (-2)/(j + (-48)/15)?
1
Suppose -3 = -0*u + 3*u. What is the units digit of 1/u - (-12)/3?
3
Let n be 14/1 - (-4 - -2). Suppose -a + 3*a - n = 0. What is the units digit of a?
8
Let s(z) = 5*z**2 + 4*z - 3. Let t be s(2). Suppose 0 = -5*d + t, 4*c = -c - 3*d + 100. What is the tens digit of c?
1
Suppose a - 3*a + 2 = 0. Let v = 3 + a. What is the units digit of v?
4
Let j = 2 - 1. Let p be j*3*(-2)/(-6). Suppose -5*i + 2*c + 4 = -p, -2*i = -2*c + 4. What is the units digit of i?
3
Let x be (45/6)/(2/4). Let w = x - 6. What is the units digit of w?
9
Let s be (-6 - -4)*(-1)/(-2). Let n be 482/8 + s/4. Suppose -p + 6*p = n. What is the units digit of p?
2
Let v(y) = 23*y + 2. What is the tens digit of v(1)?
2
Suppose 483 = 8*v + 91. What is the units digit of v?
9
Let b = -6 - -10. Suppose -3*d + d - b = 0. Let u = d - -4. What is the units digit of u?
2
Let q be (1 - 0)*(-60)/(-12). S